- t = 0. What is the units digit of q?
9
Let d(v) = v**3 + 4*v**2 - 2*v - 5. Let s be d(-5). Let f = -15 - s. Suppose -71 = -4*z + w, -4*w - 94 = -f*z - w. What is the units digit of z?
7
Let j(i) = i**3 + i - 6. Let c be j(0). Let p be c/(-21) - 19/(-7). Suppose v - p*m = 14, 0*v + 2*m = -4*v + 98. What is the tens digit of v?
2
Let b = 19 + -21. What is the units digit of b*5/10*-34?
4
Let w(j) = -182*j**3 - 2*j**2 - 2*j - 1. Let l be w(-1). Let n = l - 123. Suppose -d - 8 = -n. What is the tens digit of d?
5
Suppose 13 = 3*a - x + 4, 3*a - 18 = -2*x. Suppose -a*p - 4 = -180. What is the tens digit of p?
4
Let h be (6 - 1)*(-8)/(-20). Suppose 7 = -5*c - h*m, -m = 2*c + 2*m + 5. What is the tens digit of 32 - 4 - (0 - c)?
2
Let n = 442 - 89. What is the hundreds digit of n?
3
Let a = 14 + 7. What is the tens digit of a?
2
Suppose 3*i - 4*i = 3*o - 1, 5*o = -2*i. Let s = 57 + o. Suppose -5*c + 41 = -s. What is the units digit of c?
0
Suppose 0*a + 2*a + 5*o = 98, 4*a - 2*o = 220. What is the tens digit of 101/(-4 + a/12)?
0
Suppose -56 = 2*f + 2*d - 6*d, d = 2*f + 71. Let m = f + 37. Let p = m + 68. What is the tens digit of p?
6
What is the tens digit of 872/3*(68/16 - 2)?
5
Let h be (-1 + 2)*(-4 + 4). Suppose 12 = 3*g - 5*t - 19, h = 2*g - t - 9. Suppose -3*z - 17 = -4*a + 28, -g*z = a - 25. What is the units digit of a?
5
Let y = -29 - -32. Suppose 2*w + 5*m = 100, 5*m + 117 = y*w - 33. What is the units digit of w?
0
Suppose -1 = 3*z + f + 3*f, 0 = -z + 3*f + 17. Suppose 4*r - z*r = -37. What is the tens digit of r?
3
Let c = 5296 - 1312. What is the thousands digit of c?
3
Suppose 0 = -33*t + 188576 - 53243. What is the tens digit of t?
0
Let m(i) = -i**3 - 7*i**2 + 2*i + 12. Let p be m(-7). What is the tens digit of (70/15)/(p/(-39))?
9
Let i(p) = 20*p**2 + 6*p + 5. Suppose 0 = g + 4 - 2. What is the units digit of i(g)?
3
Suppose -2*u = -6*d + 3*d + 10941, 2*u - 7294 = -2*d. What is the hundreds digit of d?
6
Let o = -65 - -70. Suppose -o*h + 5*r = -175, 35 + 3 = h - 4*r. What is the tens digit of h?
3
Let w = 18 - 13. Suppose 4*l - 2*z = 182, z + 3 = -2*z. Suppose -19 = -j - w*v, l = 5*j + 5*v - 30. What is the tens digit of j?
1
Let a(y) = -y**2 - 21*y - 43. Let x be a(-18). Suppose 6*m = x*m - 390. What is the tens digit of m?
7
Suppose 1036 = 24*x - 284. What is the tens digit of x?
5
What is the tens digit of (-1)/(-1 + 4/3) - -449?
4
What is the tens digit of (-24628)/(-16) + 2*(-25)/40?
3
Suppose -172*c = -195*c + 66447. What is the units digit of c?
9
Let q(b) be the second derivative of 7*b**3/6 + 3*b**2 + 10*b. What is the units digit of q(20)?
6
Let a(t) = 526*t - 65. What is the hundreds digit of a(4)?
0
Let d = 3865 + -1704. What is the hundreds digit of d?
1
Let j = -1366 + 1462. What is the units digit of j?
6
Let a be 2/(-7) + (-1482)/(-91). What is the units digit of a + 2/13 + (-28)/13?
4
Suppose -4*o = -4*h - 12, -3*o - 2*h + 15 = 2*o. Suppose 0 = o*y + 38 - 110. What is the tens digit of y?
2
Let b be 34/8 - 14/56. Suppose h = -b*h + 355. What is the tens digit of h?
7
Let z(y) = 6*y**2 + 7*y + 32. Suppose 0*o = 3*o + 15. What is the tens digit of z(o)?
4
Let z = 44 + -6. Suppose 0 = 42*b - z*b - 644. What is the units digit of b?
1
Suppose 3*m + 40 = 8*m. Suppose m*j = 6*j + 208. What is the hundreds digit of j?
1
Let p(w) = 25*w + 84. What is the thousands digit of p(38)?
1
Let d be (-12)/(-66) + (-3888)/(-33). Let l = d + -61. What is the units digit of l?
7
Let j(y) = 12*y + 2. Let o(l) = 25*l + 3. Let k(w) = 5*j(w) - 3*o(w). What is the tens digit of k(-3)?
4
Let m be 0 + 4/(-14) - (-5136)/(-2996). Let z = 9 - 5. What is the units digit of (-90 + -6)*m/z?
8
Suppose -z - l = -5*l + 269, -278 = z + 5*l. What is the tens digit of z/(-2)*(-22)/(-33)?
9
Let m(w) = w**2 + 20*w + 5. Let h be m(-20). Suppose 13 = s + h. What is the units digit of s?
8
Let u(m) = 11*m**2 - 2*m - 42. What is the tens digit of u(8)?
4
Let l(d) = 0*d + 10*d - 20*d + 9*d + 22. Suppose -v + 12 = v. What is the units digit of l(v)?
6
What is the tens digit of 2865*(-1 + 40/24)?
1
Suppose 94*b + 3552 = 98*b. What is the hundreds digit of b?
8
Let i(p) = 4*p**2 + 11*p + 11. Let m be i(-8). Let a = 350 - m. What is the hundreds digit of a?
1
What is the hundreds digit of 108/81 - (-1547)/3?
5
Suppose 56*x + 140997 = 99*x. What is the units digit of x?
9
Let y = -59 + 114. Let b be 4/12 - y/3. What is the tens digit of 55/2 + (-27)/b?
2
Suppose -s - 3*s - 368 = 0. Let u = 123 + s. What is the tens digit of u?
3
Let z = 2796 + -1311. What is the tens digit of z?
8
Suppose 2*l - 7*l - 5*s + 2290 = 0, -919 = -2*l - s. What is the hundreds digit of l?
4
Let p(x) be the third derivative of -x**6/30 - x**5/60 - x**4/6 - x**3/2 - x**2. Let a be p(-2). What is the units digit of 3 + -3 + 1 + a?
4
Let f = 98 - 81. What is the units digit of f?
7
What is the hundreds digit of (-2415)/420*(-155 - 0 - 1)?
8
Let i(r) = r**3 + 30*r - 6 - 23*r - 2*r**2 + 0*r**3. What is the units digit of i(4)?
4
Let t(y) = y - 4 - 6 + 4 - 5. Let q be t(13). Suppose f = 4*r - 34, 3*r + 5*f = q*r - 2. What is the units digit of r?
8
Let m be (-595)/(-34)*(2/1 + -4). Let n = m + 86. What is the tens digit of n?
5
Suppose 4*p = -3*l + 149, 4*p - 8*p + 39 = l. What is the units digit of 31/2 + (l/10)/(-11)?
5
Let z(d) be the first derivative of 2*d**3/3 - 3*d**2 + 20*d + 24. What is the tens digit of z(9)?
2
Let z be (1 - 0) + (2229 - 4/(-1)). Suppose 8*q - z + 730 = 0. What is the tens digit of q?
8
Let f(o) = 8*o + 1. Let y(x) = -17*x - 2. Let v(c) = -7*f(c) - 3*y(c). What is the units digit of v(-9)?
4
Let m = -386 + 179. Let b be ((-6)/7)/((-1 - -4)/(-336)). What is the units digit of m/(-8) + 12/b?
6
Let x be 5/((10/35)/(12/(-21))). What is the units digit of x/3*-6*(-28)/(-7)?
0
Let g(l) = -53*l**3 + 15*l + 10. What is the hundreds digit of g(-3)?
3
Let h = 3 + -1. Suppose 4*u = -s - s + 2, -h*u + 28 = -2*s. What is the tens digit of 6 + -1 + -2 - s?
1
Let g(u) be the second derivative of -u**3/2 + 4*u. Let l be g(-1). Suppose 2*o - 2 + 0 = -r, l*r - 8 = -4*o. What is the units digit of r?
4
What is the units digit of -1 + -1*(-5 + -2260)?
4
Suppose -8 = -2*f, -3*w + 8*w = -2*f + 263. Suppose 88 = -3*q - 4*l, -5*q + 2*l = -0*l + 164. Let u = q + w. What is the tens digit of u?
1
Suppose 2*c - 3*n - 5419 = 0, -5420 = 5*c - 7*c + 4*n. What is the units digit of c?
8
Suppose -91*r + 14768 = -83*r. What is the hundreds digit of r?
8
Let l be (-21)/(-9) + (-14)/(-21). Suppose 0*g - 156 = -l*g. What is the tens digit of g?
5
Suppose -13 = -5*k + 4*o + 17, -3*k + 5*o + 31 = 0. Let j = -3 - k. Let v = 14 - j. What is the tens digit of v?
1
Suppose 10*a - 5*a = -60. Let n be a/(-54) - 266/(-18). Let l = n - -30. What is the units digit of l?
5
Suppose -2*x = -4*x + 6. Suppose -34 = -q + x. Suppose -5*m = -0*a - a + q, a - 2*m = 49. What is the units digit of a?
7
Suppose -2*i + 30 = -0. Let z be 0 - -4 - (1 + i). What is the tens digit of ((-27)/z)/(4/144)?
8
Let w(h) be the second derivative of -h**4/12 - 4*h**3/3 + 13*h**2/2 - 3*h. Suppose -2*b = 8 + 10. What is the units digit of w(b)?
4
Let f(n) = 9*n. Let s(h) = 11*h + 1 - 2 + 6*h + 0*h. Let w(p) = 5*f(p) - 2*s(p). What is the units digit of w(4)?
6
Let t be (-35)/(-10)*20/35. Suppose 2*m = -4*y + 20, 3*m + 1 = -t*y + 7. What is the units digit of y?
6
Suppose 119*x + 40 = 124*x. Suppose -x*d - 8 = -16. What is the units digit of d?
1
Suppose -2*t - 2 = 3*o, 0 = -4*t + 4*o + 14 - 38. Let g = -255 + 156. What is the units digit of g/(-22) + (-2)/t?
5
Suppose 0 = 3*o - f - 1192, 4*f + 390 = 2*o - o. Let t = -228 + o. What is the hundreds digit of t?
1
Let z(b) = 9*b**3 + b**2 - b + 2. Let h be z(1). Suppose 1 = -w + 4*q, 0 = 4*w + h*q - 9*q - 68. What is the units digit of w?
5
Let k = -6 - -10. Let p be k/6*27/(-18). What is the tens digit of p + 1 - (1 - 18)?
1
Suppose f + 1 = 0, 2*w - 2*f = f - 9. Let v = w + 12. What is the tens digit of (v - -8)*(-10)/(-4)?
3
Suppose -4*r = v - 871, 5*r + 5*v - 18 - 1052 = 0. Let w be (7/7)/((-3)/r). Let d = w - -122. What is the tens digit of d?
4
Suppose -5*h + 19 = -4*r, 2*h + 0 = 3*r + 9. Suppose 0 = 8*o + h*o - 957. What is the tens digit of o?
8
Let j(m) = m**2 - 4*m - 3. Let c be j(